ommon factor of s and j.
6
Suppose 0 = -3*v + 3*b + 93, 0 = 3*b + 5 + 4. Calculate the greatest common factor of v and 14.
14
Suppose -3*q + 4 = -q. Suppose -3*k = -4*o - 6*k + 37, 4*o - 45 = 5*k. What is the greatest common factor of q and o?
2
Suppose 1141 = 4*b + 245. What is the greatest common factor of b and 28?
28
Suppose x = v - 168, -v - 3*x = 2*x - 150. Suppose 658 = d + d. Let y be 4/(-6) - d/(-21). What is the greatest common factor of v and y?
15
Let o be (-852)/(-1) - 6/(-2). Suppose o = z + 4*z. Let w = 30 + -11. Calculate the greatest common divisor of z and w.
19
Let l(z) = -4*z**3 + 30 + 5*z**3 + 0*z**3. Let m be l(0). Suppose 20 = 5*q - 30. What is the greatest common factor of m and q?
10
Suppose 0 = -2*p + 16 + 46. Suppose -5*v - 2*f + 45 = -116, -v - f = -p. What is the greatest common factor of v and 3?
3
Let o be 10/(-25)*-1*10. Suppose -2*s - o*u - 25 = -81, 3*s + 3*u - 90 = 0. What is the highest common divisor of 8 and s?
8
Suppose -4*k + 2*r + 28 = -2*r, -5*k - 3*r = -59. Suppose 5*h = -k, t - 5*h = 6*t - 25. Calculate the greatest common factor of t and 63.
7
Let k be (-8)/(-2)*3/6. Suppose 0 = q + 2*j - 5, -q = -k*j + 2 - 11. What is the highest common divisor of q and 1?
1
Let w(m) = m**2 - 6*m + 2. Let q = -51 + 77. Suppose -2*f - 3*d + 17 = 0, -f + 5*d = -4*f + q. Let r be w(f). Calculate the highest common divisor of 63 and r.
9
Let f(o) = 2*o - 3. Let x be 26 - 14 - (-1 - -3). Let j be f(x). Calculate the greatest common divisor of 85 and j.
17
Let z(w) = -20*w. Let x be z(-5). What is the greatest common factor of 20 and x?
20
Let r(s) = 0*s**2 + 2*s + 2*s**2 - 10*s - 10. Let x be r(10). Calculate the greatest common divisor of x and 10.
10
Let m be 2/7 + (-15)/(-21). Let a = m - -1. Let l(w) = -w**3 - 2. Let u be l(-2). What is the highest common factor of u and a?
2
Let b be (4/3)/(13/12 - 1). What is the highest common divisor of 112 and b?
16
Let l(u) = 7*u**2 + 11*u - 20. Let y be l(7). What is the highest common factor of y and 50?
50
Let s be (-1182)/(-30) + -3 + (-2)/5. Calculate the greatest common divisor of 9 and s.
9
Suppose 0 = 2*w - 3*q + 8*q + 6, 5*w - 8 = -q. Suppose w*d = d + 3. What is the greatest common factor of 2 and d?
1
Let k(d) = -d - 2. Let y be k(-2). Suppose 2*i + 5*t + 11 = y, 3*i + 3*t = 2*t + 3. Suppose 161 - 513 = -i*a. What is the highest common divisor of a and 16?
16
Let a = 21 - 13. What is the highest common divisor of a and 1?
1
Let r be (6 - 6 - 2)*(-34)/4. What is the highest common divisor of 51 and r?
17
Suppose o = -4*o + 40. Let h = -39 + 111. What is the greatest common divisor of o and h?
8
Let t = -89 - -94. What is the greatest common divisor of t and 90?
5
Let f(m) = 3*m**2 - 2*m - 1. Let n = 2 + -3. Let a be f(n). Suppose 30*i - 257 = 43. What is the highest common divisor of i and a?
2
Suppose 5 = -2*i + 3. Let p be i + (1/(-1) - -93). Let n be (2/4)/((-3)/(-78)). What is the highest common divisor of p and n?
13
Suppose -64 = -0*n - 2*n. Calculate the highest common factor of 48 and n.
16
Suppose 89 = -2*d + 15. Let m = -25 - d. What is the highest common divisor of 132 and m?
12
Let u = 34 - -2. Calculate the greatest common divisor of 54 and u.
18
Suppose 126 = -0*u + 2*u. What is the greatest common factor of u and 9?
9
Let s(n) = 29*n + 1. Let m be s(1). What is the highest common divisor of 150 and m?
30
Let p = -9 - -4. Let j = p - -8. Calculate the greatest common divisor of 24 and j.
3
Let s = -25 + 123. Suppose 4*l = 5*p - 78, p - 4*l = 2*p - 6. What is the highest common factor of s and p?
14
Let f = -9 - -13. Let b be 6/((12/(-48))/(2/(-4))). What is the highest common factor of f and b?
4
Suppose 0 = -5*a + 5, -2*l - 2*a = -3*a + 1. Suppose -10 = -l*o - o. Calculate the highest common divisor of 15 and o.
5
Let w = 53 - 33. What is the greatest common divisor of 8 and w?
4
Suppose -2*n + 0*n = 5080. Let p be n/(-12) + (-4)/6. Suppose -2*g = 3*c - 278, p + 82 = 3*c - g. What is the greatest common factor of c and 12?
12
Suppose -4*z = -5*f + 142, 2*f + 39 = 5*z + 106. Let c be 2 + f + (1 - -3). Calculate the greatest common factor of c and 4.
4
Let n be -2*(15/(-10) + -2). Calculate the highest common divisor of 7 and n.
7
Let r(u) = -u**2 + 5*u - u - 3*u + 33*u**3 + 8*u**3 - 1. Let o be r(1). Calculate the highest common factor of o and 8.
8
Suppose 6*c - 1181 = -257. Let n(a) = -a**3 - 2*a**2 - 4*a + 1. Let s be n(-3). Calculate the highest common factor of c and s.
22
Let h be (1/4 - 3)*-12. Let n be (-6)/h - (-670)/55. What is the greatest common factor of 48 and n?
12
Suppose 17 + 9 = 4*f + a, 0 = f - 5*a + 4. Let n be (-131)/(-2) - ((-88)/16 - -5). What is the highest common divisor of n and f?
6
Let t(h) = -36*h - 1. Let f be t(-1). Suppose 0*w = -5*w + f. What is the highest common divisor of 63 and w?
7
Suppose -4*p = -3*p - 8. Calculate the highest common factor of p and 20.
4
Let c = 9 + 8. What is the highest common divisor of c and 68?
17
Suppose -1 + 0 = -m. Suppose f + q - 1 - 6 = 0, -3*q = -3*f + 3. Suppose 2*w + 5*j = 41, -w = f*w - 2*j - 30. What is the highest common factor of m and w?
1
Let w = 305 + -155. Suppose l - 4*d - 30 = -9*d, w = 5*l + d. Suppose -3*t - 332 = -4*s, s - 34 = -4*t + l. Calculate the highest common factor of s and 16.
16
Let u(o) = 2*o + 10. Let a be u(-11). Let w(x) = x**2 - 2*x. Let c be w(4). Let f be 50/c - 9/a. What is the highest common divisor of f and 56?
7
Suppose 2*y - 154 = 92. What is the greatest common factor of y and 41?
41
Let g = 9 - 4. Let h be g*2/((-20)/(-42)). Let k be (-102)/(-14) - (-4)/(-14). What is the highest common divisor of h and k?
7
Let m = -14 + 7. Let y be 2/7 - 446/m. Suppose 4*d - 3*h - 72 = -2, -5*d = 5*h - 70. Calculate the greatest common divisor of d and y.
16
Let s be ((-15)/5)/((-6)/(-188)). Let l be -6 - -6 - (s + 0). Suppose 2*y + 21 = g, -2*g - 3*y = -6*g + l. Calculate the greatest common factor of g and 10.
5
Suppose -2*w = -5*g - 23, -5*w + 6*g + 35 = g. Suppose -4*l = -2*l + 5*b - 79, 0 = -w*l - 2*b + 166. Calculate the greatest common divisor of 6 and l.
6
Suppose -5*s + 3*o = -22 - 5, -3*s = -3*o - 21. Suppose -s*v + 90 = -30. What is the highest common factor of v and 5?
5
Let b(o) = 3*o**2 - o + 4. Let f be b(-2). What is the greatest common divisor of f and 90?
18
Let v be 2*(366/4 + 2). Calculate the greatest common divisor of v and 17.
17
Let w = -108 + 157. Suppose 111 = 4*f - w. Suppose 8 = -k + f. Calculate the highest common factor of k and 80.
16
Suppose -2*i = -3*i + 3. Let r be (69/9 - -3)*i. Calculate the highest common divisor of r and 4.
4
Let l = 6 + -4. Suppose -5*b + v = -2*b - 49, 67 = 5*b + l*v. Calculate the greatest common divisor of b and 5.
5
Let p(d) = d**3 + 5*d**2 - 7*d + 1. Suppose c = -3*f - 6 - 11, 5*f + 5*c + 25 = 0. Let y be p(f). What is the highest common divisor of 7 and y?
7
Suppose f = 2*j - 46, -4*f = -0*j - 2*j + 208. Let s = f + 117. What is the greatest common divisor of s and 9?
9
Let n be 1 + (-1)/((-1)/(-2)). Let v = n - -3. Calculate the greatest common divisor of v and 4.
2
Suppose 54 = 20*v - 11*v. Let t(q) = -q + 12. Let p be t(6). What is the greatest common factor of p and v?
6
Let x(m) = m**3 - 8*m**2 + 7*m - 6. Let t(a) = -a**2 + 8*a - 4. Let i be t(6). Let j be x(i). Let v = j - 33. What is the highest common divisor of v and 85?
17
Suppose c - 12 = -8. Calculate the greatest common factor of c and 10.
2
Suppose -45 = -2*g + 67. What is the highest common divisor of 28 and g?
28
Suppose 85 = -95*m + 100*m. Calculate the greatest common factor of m and 34.
17
Suppose -3*l - 2*y - 3*y - 59 = 0, 0 = 2*l + 5*y + 31. Let o = l - -46. What is the highest common factor of 12 and o?
6
Let p(l) = -l**3 + 2*l**2 + 4*l - 1. Let u be p(-3). What is the greatest common factor of u and 8?
8
Suppose -3*q = -4*y + 136, 5*q = -2*y - 0*q + 94. Suppose y = 2*u - h, -u + 5*h = 3*u - 77. Calculate the greatest common divisor of 9 and u.
9
Let v(o) = -19*o + 10. Let q be v(-10). Calculate the greatest common factor of q and 40.
40
Let p = -15 + 38. Let z be (1*23)/((-5)/(-25)). Calculate the highest common factor of z and p.
23
Let q(r) = r**3 - 2*r**2 - 3*r - 4. Let c be q(3). Let y be (-30)/c - 2/(-4). What is the hi